{"id":640,"date":"2022-10-15T20:12:13","date_gmt":"2022-10-15T20:12:13","guid":{"rendered":"http:\/\/e-linguist.com\/?page_id=640"},"modified":"2023-10-08T21:38:18","modified_gmt":"2023-10-09T04:38:18","slug":"modalverben","status":"publish","type":"page","link":"https:\/\/alemanexpress.net\/index.php\/modalverben\/","title":{"rendered":"Gu\u00eda para Usar los Verbos Modales en Alem\u00e1n"},"content":{"rendered":"\t\t<div data-elementor-type=\"wp-page\" data-elementor-id=\"640\" class=\"elementor elementor-640\">\n\t\t\t\t\t\t<section class=\"elementor-section elementor-top-section elementor-element elementor-element-3052029d elementor-section-full_width elementor-section-height-default elementor-section-height-default\" data-id=\"3052029d\" data-element_type=\"section\" data-e-type=\"section\">\n\t\t\t\t\t\t<div class=\"elementor-container elementor-column-gap-default\">\n\t\t\t\t\t<div class=\"elementor-column elementor-col-100 elementor-top-column elementor-element elementor-element-29b59cd9\" data-id=\"29b59cd9\" data-element_type=\"column\" data-e-type=\"column\">\n\t\t\t<div class=\"elementor-widget-wrap elementor-element-populated\">\n\t\t\t\t\t\t<div class=\"elementor-element elementor-element-e9e0975 elementor-widget elementor-widget-heading\" data-id=\"e9e0975\" data-element_type=\"widget\" data-e-type=\"widget\" data-widget_type=\"heading.default\">\n\t\t\t\t<div class=\"elementor-widget-container\">\n\t\t\t\t\t<h4 class=\"elementor-heading-title elementor-size-default\">Aprende los Verbos Modales en Alem\u00e1n <\/h4>\t\t\t\t<\/div>\n\t\t\t\t<\/div>\n\t\t\t\t\t<\/div>\n\t\t<\/div>\n\t\t\t\t\t<\/div>\n\t\t<\/section>\n\t\t\t\t<section class=\"elementor-section elementor-top-section elementor-element elementor-element-1a1689d9 elementor-section-boxed elementor-section-height-default elementor-section-height-default\" data-id=\"1a1689d9\" data-element_type=\"section\" data-e-type=\"section\">\n\t\t\t\t\t\t<div class=\"elementor-container elementor-column-gap-default\">\n\t\t\t\t\t<div class=\"elementor-column elementor-col-25 elementor-top-column elementor-element elementor-element-6573a15e\" data-id=\"6573a15e\" data-element_type=\"column\" data-e-type=\"column\">\n\t\t\t<div class=\"elementor-widget-wrap elementor-element-populated\">\n\t\t\t\t\t\t<div class=\"elementor-element elementor-element-3b9380d8 elementor-widget elementor-widget-nav-menu\" data-id=\"3b9380d8\" data-element_type=\"widget\" data-e-type=\"widget\" data-widget_type=\"nav-menu.default\">\n\t\t\t\t<div class=\"elementor-widget-container\">\n\t\t\t\t\t \t\t\t\t<\/div>\n\t\t\t\t<\/div>\n\t\t\t\t\t<\/div>\n\t\t<\/div>\n\t\t\t\t<div class=\"elementor-column elementor-col-50 elementor-top-column elementor-element elementor-element-54e4dc29\" data-id=\"54e4dc29\" data-element_type=\"column\" data-e-type=\"column\">\n\t\t\t<div class=\"elementor-widget-wrap elementor-element-populated\">\n\t\t\t\t\t\t<div class=\"elementor-element elementor-element-1fa44a05 elementor-widget elementor-widget-text-editor\" data-id=\"1fa44a05\" data-element_type=\"widget\" data-e-type=\"widget\" data-widget_type=\"text-editor.default\">\n\t\t\t\t<div class=\"elementor-widget-container\">\n\t\t\t\t\t\t\t\t\t<p><span translate=\"no\">Los verbos modales en alem\u00e1n, como <em>k\u00f6nnen, wollen, d\u00fcrfen, sollen, m\u00fcssen, m\u00f6gen,<\/em> y <em>m\u00f6chten,<\/em> son esenciales para expresar diferentes matices de posibilidad, obligaci\u00f3n, deseo y m\u00e1s. En esta gu\u00eda, te llevar\u00e9 a trav\u00e9s de estos verbos de manera divertida y efectiva. \u00a1Prep\u00e1rate para dar un salto en tu aprendizaje del alem\u00e1n!<\/span><\/p>\t\t\t\t\t\t\t\t<\/div>\n\t\t\t\t<\/div>\n\t\t\t\t<div class=\"elementor-element elementor-element-a2c5d36 elementor-widget elementor-widget-heading\" data-id=\"a2c5d36\" data-element_type=\"widget\" data-e-type=\"widget\" data-widget_type=\"heading.default\">\n\t\t\t\t<div class=\"elementor-widget-container\">\n\t\t\t\t\t<h4 class=\"elementor-heading-title elementor-size-default\">C\u00f3mo Usar los Verbos Modales\n<\/h4>\t\t\t\t<\/div>\n\t\t\t\t<\/div>\n\t\t\t\t<div class=\"elementor-element elementor-element-dafc335 elementor-widget elementor-widget-text-editor\" data-id=\"dafc335\" data-element_type=\"widget\" data-e-type=\"widget\" data-widget_type=\"text-editor.default\">\n\t\t\t\t<div class=\"elementor-widget-container\">\n\t\t\t\t\t\t\t\t\t<p><span style=\"background-color: var( --e-global-color-c696dce );\">Se emplean como verbos auxiliares junto con verbos principales. En una oraci\u00f3n principal, el verbo modal conjugado se encuentra en segunda posici\u00f3n y el verbo principal al final de la oraci\u00f3n. Los verbos modales se utilizan en diversas situaciones:<\/span><\/p><p><strong style=\"background-color: var( --e-global-color-c696dce ); color: var(--nv-text-color); font-family: var(--bodyfontfamily),var(--nv-fallback-ff); font-size: var(--bodyfontsize); letter-spacing: var(--bodyletterspacing); text-transform: var(--bodytexttransform);\">k\u00f6nnen<\/strong><span style=\"background-color: var( --e-global-color-c696dce ); color: var(--nv-text-color); font-family: var(--bodyfontfamily),var(--nv-fallback-ff); font-size: var(--bodyfontsize); font-weight: var(--bodyfontweight); letter-spacing: var(--bodyletterspacing); text-transform: var(--bodytexttransform);\"> (poder) indica 1. habilidad, 2. posibilidad o 3. que algo no es prohibido :<\/span><\/p><p>Ich kann schwimmen. (Puedo nadar.)<br \/>Ich kann heute um 15 Uhr zu dir kommen. (Puedo venir a tu casa hoy a las 15:00 horas.)<br \/>Hier kann man parken. (Aqu\u00ed se puede estacionar.)<\/p><div><strong>m\u00fcssen<\/strong> (deber\/tener que) expresa obligaci\u00f3n:<\/div><div>Morgen m\u00fcssen wir die Rechnung bezahlen. (Ma\u00f1ana debemos pagar la factura.)<\/div><div>\u00a0<\/div><div><p><strong>d\u00fcrfen (poder\/tener permiso):<\/strong> Indica permiso.<br \/><strong>nicht d\u00fcrfen = no tener permiso<br \/><\/strong>Man darf nur in dieser Zone rauchen. (Se permite fumar solo en esta zona.)<strong><br \/><\/strong><\/p><p><strong>wollen<\/strong> (querer): Expresa deseo. Descort\u00e9s cuando se dirige a una persona.<br \/>Ich will n\u00e4chstes Jahr in Italien Urlaub machen. (Quiero hacer unas vacaciones en Italia el pr\u00f3ximo a\u00f1o)<\/p><p><strong>sollen<\/strong> (deber): Se utiliza para deberes y consejos.<br \/>Du sollst mehr Gem\u00fcse essen. (Deber\u00edas comer m\u00e1s verduras.)<\/p><p><strong>m\u00f6chten<\/strong> (querer): Expresa deseos de manera m\u00e1s cort\u00e9s.<br \/>Ich m\u00f6chte gerne ein Eis. (Me gustar\u00eda tomar un helado.)<\/p><p><strong>m\u00f6gen<\/strong> (gustar): Indica preferencias.<br \/>Ich mag Pizza. (Me gusta la Pizza)<\/p><\/div>\t\t\t\t\t\t\t\t<\/div>\n\t\t\t\t<\/div>\n\t\t\t\t<div class=\"elementor-element elementor-element-35733713 elementor-widget elementor-widget-heading\" data-id=\"35733713\" data-element_type=\"widget\" data-e-type=\"widget\" data-widget_type=\"heading.default\">\n\t\t\t\t<div class=\"elementor-widget-container\">\n\t\t\t\t\t<h4 class=\"elementor-heading-title elementor-size-default\">Konjugation<\/h4>\t\t\t\t<\/div>\n\t\t\t\t<\/div>\n\t\t\t\t<div class=\"elementor-element elementor-element-5b47af9 elementor-widget elementor-widget-text-editor\" data-id=\"5b47af9\" data-element_type=\"widget\" data-e-type=\"widget\" data-widget_type=\"text-editor.default\">\n\t\t\t\t<div class=\"elementor-widget-container\">\n\t\t\t\t\t\t\t\t\t<p>Los verbos modales se utilizan junto con otros verbos en alem\u00e1n. Aqu\u00ed tienes la conjugaci\u00f3n<\/p>\t\t\t\t\t\t\t\t<\/div>\n\t\t\t\t<\/div>\n\t\t\t\t<div class=\"elementor-element elementor-element-17d8d4 elementor-widget elementor-widget-text-editor\" data-id=\"17d8d4\" data-element_type=\"widget\" data-e-type=\"widget\" data-widget_type=\"text-editor.default\">\n\t\t\t\t<div class=\"elementor-widget-container\">\n\t\t\t\t\t\t\t\t\t<span translate=\"no\" >\n<table class=\"table\">\n<thead>\n<tr>\n<th style=\"text-align: center;\"><\/th>\n<th style=\"text-align: center;\">k\u00f6nnen<\/th>\n<th style=\"text-align: center;\">m\u00fcssen<\/th>\n<th style=\"text-align: center;\">d\u00fcrfen<\/th>\n<th style=\"text-align: center;\">wollen<\/th>\n<th style=\"text-align: center;\">sollen<\/th>\n<th style=\"text-align: center;\">m\u00f6chten<\/th>\n<th style=\"text-align: center;\">m\u00f6gen<\/th>\n<\/tr>\n<\/thead>\n<tbody>\n<tr>\n<td>ich<\/td>\n<td>kann<\/td>\n<td>muss<\/td>\n<td>darf<\/td>\n<td>will<\/td>\n<td>soll<\/td>\n<td>m\u00f6chte<\/td>\n<td>mag<\/td>\n<\/tr>\n<tr>\n<td>du<\/td>\n<td>kannst<\/td>\n<td>musst<\/td>\n<td>darfst<\/td>\n<td>willst<\/td>\n<td>sollst<\/td>\n<td>m\u00f6chtest<\/td>\n<td>magst<\/td>\n<\/tr>\n<tr>\n<td>er\/sie\/es<\/td>\n<td>kann<\/td>\n<td>muss<\/td>\n<td>darf<\/td>\n<td>will<\/td>\n<td>soll<\/td>\n<td>m\u00f6chte<\/td>\n<td>mag<\/td>\n<\/tr>\n<tr>\n<td>wir<\/td>\n<td>k\u00f6nnen<\/td>\n<td>m\u00fcssen<\/td>\n<td>d\u00fcrfen<\/td>\n<td>wollen<\/td>\n<td>sollen<\/td>\n<td>m\u00f6chten<\/td>\n<td>m\u00f6gen<\/td>\n<\/tr>\n<tr>\n<td>ihr<\/td>\n<td>k\u00f6nnt<\/td>\n<td>m\u00fcsst<\/td>\n<td>d\u00fcrft<\/td>\n<td>wollt<\/td>\n<td>sollt<\/td>\n<td>m\u00f6chtet<\/td>\n<td>m\u00f6gt<\/td>\n<\/tr>\n<tr>\n<td>sie\/Sie<\/td>\n<td>k\u00f6nnen<\/td>\n<td>m\u00fcssen<\/td>\n<td>d\u00fcrfen<\/td>\n<td>wollen<\/td>\n<td>sollen<\/td>\n<td>m\u00f6chten<\/td>\n<td>m\u00f6gen<\/td>\n<\/tr>\n<\/tbody>\n<\/table><\/span>\t\t\t\t\t\t\t\t<\/div>\n\t\t\t\t<\/div>\n\t\t\t\t<div class=\"elementor-element elementor-element-35b3f88 elementor-widget elementor-widget-text-editor\" data-id=\"35b3f88\" data-element_type=\"widget\" data-e-type=\"widget\" data-widget_type=\"text-editor.default\">\n\t\t\t\t<div class=\"elementor-widget-container\">\n\t\t\t\t\t\t\t\t\t<p>&#8222;<strong>M\u00f6gen<\/strong>&#8220; y &#8222;<strong>m\u00f6chten<\/strong>&#8220; requieren atenci\u00f3n especial. &#8222;<strong>M\u00f6chten<\/strong>&#8220; no es un modal verb propiamente dicho, pero act\u00faa de manera similar. Casi nunca se utiliza en el pasado. &#8222;<strong>M\u00f6gen<\/strong>&#8220; generalmente no se utiliza con un verbo principal, a pesar de ser un modal verb.<\/p><p>Los verbos modales son una parte fundamental del alem\u00e1n y te permiten expresar una variedad de ideas. Dominarlos te acerca a hablar como un nativo. \u00a1No dudes en continuar tu aprendizaje y practicar regularmente para perfeccionar tu habilidad en el idioma!<\/p>\t\t\t\t\t\t\t\t<\/div>\n\t\t\t\t<\/div>\n\t\t\t\t\t<\/div>\n\t\t<\/div>\n\t\t\t\t<div class=\"elementor-column elementor-col-25 elementor-top-column elementor-element elementor-element-29af3b67\" data-id=\"29af3b67\" data-element_type=\"column\" data-e-type=\"column\">\n\t\t\t<div class=\"elementor-widget-wrap\">\n\t\t\t\t\t\t\t<\/div>\n\t\t<\/div>\n\t\t\t\t\t<\/div>\n\t\t<\/section>\n\t\t\t\t<\/div>\n\t\t","protected":false},"excerpt":{"rendered":"<p>Aprende los Verbos Modales en Alem\u00e1n Los verbos modales en alem\u00e1n, como k\u00f6nnen, wollen, d\u00fcrfen, sollen, m\u00fcssen, m\u00f6gen, y m\u00f6chten, son esenciales para expresar diferentes matices de posibilidad, obligaci\u00f3n, deseo y m\u00e1s. En esta gu\u00eda, te llevar\u00e9 a trav\u00e9s de estos verbos de manera divertida y efectiva. \u00a1Prep\u00e1rate para dar un salto en tu aprendizaje&hellip;&nbsp;<a href=\"https:\/\/alemanexpress.net\/index.php\/modalverben\/\" class=\"\" rel=\"bookmark\">Weiterlesen &raquo;<span class=\"screen-reader-text\">Gu\u00eda para Usar los Verbos Modales en Alem\u00e1n<\/span><\/a><\/p>\n","protected":false},"author":1,"featured_media":0,"parent":0,"menu_order":0,"comment_status":"closed","ping_status":"closed","template":"","meta":{"neve_meta_sidebar":"","neve_meta_container":"","neve_meta_enable_content_width":"","neve_meta_content_width":0,"neve_meta_title_alignment":"","neve_meta_author_avatar":"","neve_post_elements_order":"","neve_meta_disable_header":"","neve_meta_disable_footer":"","neve_meta_disable_title":"","footnotes":""},"class_list":["post-640","page","type-page","status-publish","hentry"],"aioseo_notices":[],"_links":{"self":[{"href":"https:\/\/alemanexpress.net\/index.php\/wp-json\/wp\/v2\/pages\/640","targetHints":{"allow":["GET"]}}],"collection":[{"href":"https:\/\/alemanexpress.net\/index.php\/wp-json\/wp\/v2\/pages"}],"about":[{"href":"https:\/\/alemanexpress.net\/index.php\/wp-json\/wp\/v2\/types\/page"}],"author":[{"embeddable":true,"href":"https:\/\/alemanexpress.net\/index.php\/wp-json\/wp\/v2\/users\/1"}],"replies":[{"embeddable":true,"href":"https:\/\/alemanexpress.net\/index.php\/wp-json\/wp\/v2\/comments?post=640"}],"version-history":[{"count":11,"href":"https:\/\/alemanexpress.net\/index.php\/wp-json\/wp\/v2\/pages\/640\/revisions"}],"predecessor-version":[{"id":1381,"href":"https:\/\/alemanexpress.net\/index.php\/wp-json\/wp\/v2\/pages\/640\/revisions\/1381"}],"wp:attachment":[{"href":"https:\/\/alemanexpress.net\/index.php\/wp-json\/wp\/v2\/media?parent=640"}],"curies":[{"name":"wp","href":"https:\/\/api.w.org\/{rel}","templated":true}]}}