{"id":1147,"date":"2023-01-28T00:16:11","date_gmt":"2023-01-28T00:16:11","guid":{"rendered":"https:\/\/e-linguist.com\/?page_id=1147"},"modified":"2023-10-13T18:34:12","modified_gmt":"2023-10-14T01:34:12","slug":"vergangenheitsformen","status":"publish","type":"page","link":"https:\/\/alemanexpress.net\/index.php\/vergangenheitsformen\/","title":{"rendered":"Vergangenheitsformen"},"content":{"rendered":"\t\t<div data-elementor-type=\"wp-page\" data-elementor-id=\"1147\" class=\"elementor elementor-1147\">\n\t\t\t\t\t\t<section class=\"elementor-section elementor-top-section elementor-element elementor-element-7da0ee5a elementor-section-full_width elementor-section-height-default elementor-section-height-default\" data-id=\"7da0ee5a\" data-element_type=\"section\" data-e-type=\"section\">\n\t\t\t\t\t\t<div class=\"elementor-container elementor-column-gap-default\">\n\t\t\t\t\t<div class=\"elementor-column elementor-col-100 elementor-top-column elementor-element elementor-element-7ee19691\" data-id=\"7ee19691\" data-element_type=\"column\" data-e-type=\"column\">\n\t\t\t<div class=\"elementor-widget-wrap elementor-element-populated\">\n\t\t\t\t\t\t<div class=\"elementor-element elementor-element-1965998c elementor-widget elementor-widget-heading\" data-id=\"1965998c\" data-element_type=\"widget\" data-e-type=\"widget\" data-widget_type=\"heading.default\">\n\t\t\t\t<div class=\"elementor-widget-container\">\n\t\t\t\t\t<h4 class=\"elementor-heading-title elementor-size-default\">Tiempos Pasados en Alem\u00e1n: Claves y Secretos<\/h4>\t\t\t\t<\/div>\n\t\t\t\t<\/div>\n\t\t\t\t\t<\/div>\n\t\t<\/div>\n\t\t\t\t\t<\/div>\n\t\t<\/section>\n\t\t\t\t<section class=\"elementor-section elementor-top-section elementor-element elementor-element-53057974 elementor-section-boxed elementor-section-height-default elementor-section-height-default\" data-id=\"53057974\" data-element_type=\"section\" data-e-type=\"section\">\n\t\t\t\t\t\t<div class=\"elementor-container elementor-column-gap-default\">\n\t\t\t\t\t<div class=\"elementor-column elementor-col-25 elementor-top-column elementor-element elementor-element-6ea58cac\" data-id=\"6ea58cac\" data-element_type=\"column\" data-e-type=\"column\">\n\t\t\t<div class=\"elementor-widget-wrap elementor-element-populated\">\n\t\t\t\t\t\t<div class=\"elementor-element elementor-element-2c8b4485 elementor-widget elementor-widget-nav-menu\" data-id=\"2c8b4485\" data-element_type=\"widget\" data-e-type=\"widget\" data-widget_type=\"nav-menu.default\">\n\t\t\t\t<div class=\"elementor-widget-container\">\n\t\t\t\t\t \t\t\t\t<\/div>\n\t\t\t\t<\/div>\n\t\t\t\t\t<\/div>\n\t\t<\/div>\n\t\t\t\t<div class=\"elementor-column elementor-col-50 elementor-top-column elementor-element elementor-element-77104d6b\" data-id=\"77104d6b\" data-element_type=\"column\" data-e-type=\"column\">\n\t\t\t<div class=\"elementor-widget-wrap elementor-element-populated\">\n\t\t\t\t\t\t<div class=\"elementor-element elementor-element-7f19be5e elementor-widget elementor-widget-text-editor\" data-id=\"7f19be5e\" data-element_type=\"widget\" data-e-type=\"widget\" data-widget_type=\"text-editor.default\">\n\t\t\t\t<div class=\"elementor-widget-container\">\n\t\t\t\t\t\t\t\t\t<p>\u00bfAlguna vez te has preguntado c\u00f3mo se utilizan las formas del pasado en alem\u00e1n en la vida real? En este art\u00edculo, te guiar\u00e9 a trav\u00e9s de las complejidades de las formas del pasado en alem\u00e1n (Vergangenheitsformen im Deutschen) y te mostrar\u00e9 c\u00f3mo aplicarlas en situaciones cotidianas.<\/p>\t\t\t\t\t\t\t\t<\/div>\n\t\t\t\t<\/div>\n\t\t\t\t<div class=\"elementor-element elementor-element-3d4612e0 elementor-widget elementor-widget-heading\" data-id=\"3d4612e0\" data-element_type=\"widget\" data-e-type=\"widget\" data-widget_type=\"heading.default\">\n\t\t\t\t<div class=\"elementor-widget-container\">\n\t\t\t\t\t<h5 class=\"elementor-heading-title elementor-size-default\">Las Tres Formas del Pasado <\/h5>\t\t\t\t<\/div>\n\t\t\t\t<\/div>\n\t\t\t\t<div class=\"elementor-element elementor-element-35be9b2 elementor-widget elementor-widget-text-editor\" data-id=\"35be9b2\" data-element_type=\"widget\" data-e-type=\"widget\" data-widget_type=\"text-editor.default\">\n\t\t\t\t<div class=\"elementor-widget-container\">\n\t\t\t\t\t\t\t\t\t<p>En alem\u00e1n, existen tres formas de hablar en pasado: el Pr\u00e4teritum (Pr\u00e4teritum), el Perfekt (Perfekt) y el Plusquamperfekt (Plusquamperfekt). Cada una tiene su propio uso y contexto.<\/p>\t\t\t\t\t\t\t\t<\/div>\n\t\t\t\t<\/div>\n\t\t\t\t<div class=\"elementor-element elementor-element-d04250e elementor-widget elementor-widget-heading\" data-id=\"d04250e\" data-element_type=\"widget\" data-e-type=\"widget\" data-widget_type=\"heading.default\">\n\t\t\t\t<div class=\"elementor-widget-container\">\n\t\t\t\t\t<h6 class=\"elementor-heading-title elementor-size-default\">Pr\u00e4teritum (preterito)<\/h6>\t\t\t\t<\/div>\n\t\t\t\t<\/div>\n\t\t\t\t<div class=\"elementor-element elementor-element-1c8cec70 elementor-widget elementor-widget-text-editor\" data-id=\"1c8cec70\" data-element_type=\"widget\" data-e-type=\"widget\" data-widget_type=\"text-editor.default\">\n\t\t\t\t<div class=\"elementor-widget-container\">\n\t\t\t\t\t\t\t\t\t<p>El Pr\u00e4teritum es la forma de pasado m\u00e1s simple y se usa para describir la situaci\u00f3n m\u00e1s reciente en el pasado. Sin embargo, en la lengua hablada, es menos com\u00fan y se encuentra con mayor frecuencia en textos escritos.<\/p>\t\t\t\t\t\t\t\t<\/div>\n\t\t\t\t<\/div>\n\t\t\t\t<div class=\"elementor-element elementor-element-bccdd82 elementor-widget elementor-widget-heading\" data-id=\"bccdd82\" data-element_type=\"widget\" data-e-type=\"widget\" data-widget_type=\"heading.default\">\n\t\t\t\t<div class=\"elementor-widget-container\">\n\t\t\t\t\t<h6 class=\"elementor-heading-title elementor-size-default\">Perfekt<\/h6>\t\t\t\t<\/div>\n\t\t\t\t<\/div>\n\t\t\t\t<div class=\"elementor-element elementor-element-15c3b08 elementor-widget elementor-widget-text-editor\" data-id=\"15c3b08\" data-element_type=\"widget\" data-e-type=\"widget\" data-widget_type=\"text-editor.default\">\n\t\t\t\t<div class=\"elementor-widget-container\">\n\t\t\t\t\t\t\t\t\t<p>El Perfekt es la forma m\u00e1s utilizada en el habla cotidiana. Se emplea para hablar de situaciones pasadas y se forma con el verbo auxiliar &#8222;haber&#8220; y el participio pasado del verbo principal.<\/p>\t\t\t\t\t\t\t\t<\/div>\n\t\t\t\t<\/div>\n\t\t\t\t<div class=\"elementor-element elementor-element-8a66679 elementor-widget elementor-widget-heading\" data-id=\"8a66679\" data-element_type=\"widget\" data-e-type=\"widget\" data-widget_type=\"heading.default\">\n\t\t\t\t<div class=\"elementor-widget-container\">\n\t\t\t\t\t<h6 class=\"elementor-heading-title elementor-size-default\">Plusquamperfekt <\/h6>\t\t\t\t<\/div>\n\t\t\t\t<\/div>\n\t\t\t\t<div class=\"elementor-element elementor-element-c4f3f76 elementor-widget elementor-widget-text-editor\" data-id=\"c4f3f76\" data-element_type=\"widget\" data-e-type=\"widget\" data-widget_type=\"text-editor.default\">\n\t\t\t\t<div class=\"elementor-widget-container\">\n\t\t\t\t\t\t\t\t\t<p>El Plusquamperfekt se utiliza para describir la situaci\u00f3n que ocurri\u00f3 m\u00e1s lejos en el pasado en relaci\u00f3n con otras situaciones. Se forma con el verbo auxiliar &#8222;haber&#8220; y el participio pasado del verbo principal.<\/p>\t\t\t\t\t\t\t\t<\/div>\n\t\t\t\t<\/div>\n\t\t\t\t<div class=\"elementor-element elementor-element-82dc0ab elementor-widget elementor-widget-heading\" data-id=\"82dc0ab\" data-element_type=\"widget\" data-e-type=\"widget\" data-widget_type=\"heading.default\">\n\t\t\t\t<div class=\"elementor-widget-container\">\n\t\t\t\t\t<h5 class=\"elementor-heading-title elementor-size-default\">M\u00faltiples Situaciones en el Pasado <\/h5>\t\t\t\t<\/div>\n\t\t\t\t<\/div>\n\t\t\t\t<div class=\"elementor-element elementor-element-7ab6bfd elementor-widget elementor-widget-text-editor\" data-id=\"7ab6bfd\" data-element_type=\"widget\" data-e-type=\"widget\" data-widget_type=\"text-editor.default\">\n\t\t\t\t<div class=\"elementor-widget-container\">\n\t\t\t\t\t\t\t\t\t<p>\u00bfQu\u00e9 sucede cuando necesitas hablar sobre varias situaciones en el pasado? La regla es simple:<\/p><ul><li>La situaci\u00f3n m\u00e1s reciente se describe en Pr\u00e4teritum.<\/li><li>Luego viene el Perfekt.<\/li><li>Finalmente, la situaci\u00f3n m\u00e1s lejana en el pasado se describe en Plusquamperfekt.#<\/li><\/ul><p>No obstante, es importante destacar que, en la lengua hablada, el Pr\u00e4teritum es poco com\u00fan. En su lugar, se utilizan con mayor frecuencia el Perfekt y el Plusquamperfekt.<\/p>\t\t\t\t\t\t\t\t<\/div>\n\t\t\t\t<\/div>\n\t\t\t\t<div class=\"elementor-element elementor-element-bc2f0f6 elementor-widget elementor-widget-heading\" data-id=\"bc2f0f6\" data-element_type=\"widget\" data-e-type=\"widget\" data-widget_type=\"heading.default\">\n\t\t\t\t<div class=\"elementor-widget-container\">\n\t\t\t\t\t<h5 class=\"elementor-heading-title elementor-size-default\">Consejos para Hablar en Pasado como un Nativo<\/h5>\t\t\t\t<\/div>\n\t\t\t\t<\/div>\n\t\t\t\t<div class=\"elementor-element elementor-element-d03a8ba elementor-widget elementor-widget-text-editor\" data-id=\"d03a8ba\" data-element_type=\"widget\" data-e-type=\"widget\" data-widget_type=\"text-editor.default\">\n\t\t\t\t<div class=\"elementor-widget-container\">\n\t\t\t\t\t\t\t\t\t<p>Para dominar estas formas del pasado en alem\u00e1n, aqu\u00ed tienes algunos consejos \u00fatiles:<\/p><p><strong>Lee textos escritos en alem\u00e1n:<\/strong> Los libros, peri\u00f3dicos y textos oficiales son excelentes recursos para comprender y practicar el Pr\u00e4teritum.<\/p><p><strong>Escucha y practica:<\/strong> La pr\u00e1ctica hace al maestro. Escucha a hablantes nativos y practica utilizando las formas del pasado en situaciones reales.<\/p><p><strong>Utiliza nuestro sitio web y e-book<\/strong>: Para mejorar tus habilidades en alem\u00e1n y perfeccionar el uso de estas formas del pasado, te invitamos a explorar los ejercicios que ofrecemos en nuestro sitio web y en nuestro e-book.<\/p>\t\t\t\t\t\t\t\t<\/div>\n\t\t\t\t<\/div>\n\t\t\t\t<div class=\"elementor-element elementor-element-2c01e68 elementor-widget elementor-widget-text-editor\" data-id=\"2c01e68\" data-element_type=\"widget\" data-e-type=\"widget\" data-widget_type=\"text-editor.default\">\n\t\t\t\t<div class=\"elementor-widget-container\">\n\t\t\t\t\t\t\t\t\t<p>En resumen, las formas del pasado en alem\u00e1n pueden parecer complicadas, pero con la pr\u00e1ctica constante y los consejos adecuados, puedes utilizarlas con facilidad. Recuerda que en la lengua hablada, el Perfekt y el Plusquamperfekt son m\u00e1s comunes que el Pr\u00e4teritum. \u00a1As\u00ed que no dudes en empezar a usar estas formas del pasado en tus conversaciones en alem\u00e1n!<\/p><p>No esperes m\u00e1s y perfecciona tus habilidades en alem\u00e1n con nuestros ejercicios pr\u00e1cticos disponibles en nuestro sitio web y en nuestro e-book. \u00a1Hablar\u00e1s alem\u00e1n como un profesional en poco tiempo!<\/p>\t\t\t\t\t\t\t\t<\/div>\n\t\t\t\t<\/div>\n\t\t\t\t\t<\/div>\n\t\t<\/div>\n\t\t\t\t<div class=\"elementor-column elementor-col-25 elementor-top-column elementor-element elementor-element-494fb544\" data-id=\"494fb544\" data-element_type=\"column\" data-e-type=\"column\">\n\t\t\t<div class=\"elementor-widget-wrap elementor-element-populated\">\n\t\t\t\t\t\t<div class=\"elementor-element elementor-element-5f54948c elementor-widget elementor-widget-html\" data-id=\"5f54948c\" data-element_type=\"widget\" data-e-type=\"widget\" data-widget_type=\"html.default\">\n\t\t\t\t<div class=\"elementor-widget-container\">\n\t\t\t\t\t<script async src=\"https:\/\/pagead2.googlesyndication.com\/pagead\/js\/adsbygoogle.js?client=ca-pub-5328761514619316\"\r\n     crossorigin=\"anonymous\"><\/script>\r\n<!-- Sidebar -->\r\n<ins class=\"adsbygoogle\"\r\n     style=\"display:block\"\r\n     data-ad-client=\"ca-pub-5328761514619316\"\r\n     data-ad-slot=\"6699518563\"\r\n     data-ad-format=\"auto\"\r\n     data-full-width-responsive=\"true\"><\/ins>\r\n<script>\r\n     (adsbygoogle = window.adsbygoogle || []).push({});\r\n<\/script>\t\t\t\t<\/div>\n\t\t\t\t<\/div>\n\t\t\t\t\t<\/div>\n\t\t<\/div>\n\t\t\t\t\t<\/div>\n\t\t<\/section>\n\t\t\t\t<\/div>\n\t\t","protected":false},"excerpt":{"rendered":"<p>Tiempos Pasados en Alem\u00e1n: Claves y Secretos \u00bfAlguna vez te has preguntado c\u00f3mo se utilizan las formas del pasado en alem\u00e1n en la vida real? En este art\u00edculo, te guiar\u00e9 a trav\u00e9s de las complejidades de las formas del pasado en alem\u00e1n (Vergangenheitsformen im Deutschen) y te mostrar\u00e9 c\u00f3mo aplicarlas en situaciones cotidianas. Las Tres&hellip;&nbsp;<a href=\"https:\/\/alemanexpress.net\/index.php\/vergangenheitsformen\/\" class=\"\" rel=\"bookmark\">Weiterlesen &raquo;<span class=\"screen-reader-text\">Vergangenheitsformen<\/span><\/a><\/p>\n","protected":false},"author":1,"featured_media":0,"parent":0,"menu_order":0,"comment_status":"closed","ping_status":"closed","template":"","meta":{"neve_meta_sidebar":"","neve_meta_container":"","neve_meta_enable_content_width":"","neve_meta_content_width":0,"neve_meta_title_alignment":"","neve_meta_author_avatar":"","neve_post_elements_order":"","neve_meta_disable_header":"","neve_meta_disable_footer":"","neve_meta_disable_title":"","footnotes":""},"class_list":["post-1147","page","type-page","status-publish","hentry"],"aioseo_notices":[],"_links":{"self":[{"href":"https:\/\/alemanexpress.net\/index.php\/wp-json\/wp\/v2\/pages\/1147","targetHints":{"allow":["GET"]}}],"collection":[{"href":"https:\/\/alemanexpress.net\/index.php\/wp-json\/wp\/v2\/pages"}],"about":[{"href":"https:\/\/alemanexpress.net\/index.php\/wp-json\/wp\/v2\/types\/page"}],"author":[{"embeddable":true,"href":"https:\/\/alemanexpress.net\/index.php\/wp-json\/wp\/v2\/users\/1"}],"replies":[{"embeddable":true,"href":"https:\/\/alemanexpress.net\/index.php\/wp-json\/wp\/v2\/comments?post=1147"}],"version-history":[{"count":4,"href":"https:\/\/alemanexpress.net\/index.php\/wp-json\/wp\/v2\/pages\/1147\/revisions"}],"predecessor-version":[{"id":1467,"href":"https:\/\/alemanexpress.net\/index.php\/wp-json\/wp\/v2\/pages\/1147\/revisions\/1467"}],"wp:attachment":[{"href":"https:\/\/alemanexpress.net\/index.php\/wp-json\/wp\/v2\/media?parent=1147"}],"curies":[{"name":"wp","href":"https:\/\/api.w.org\/{rel}","templated":true}]}}