{"id":1073,"date":"2023-01-06T23:58:53","date_gmt":"2023-01-06T23:58:53","guid":{"rendered":"https:\/\/e-linguist.com\/?page_id=1073"},"modified":"2023-10-09T14:29:23","modified_gmt":"2023-10-09T21:29:23","slug":"n-deklination","status":"publish","type":"page","link":"https:\/\/alemanexpress.net\/index.php\/n-deklination\/","title":{"rendered":"La N-Deklination en la Gram\u00e1tica Alemana"},"content":{"rendered":"\t\t<div data-elementor-type=\"wp-page\" data-elementor-id=\"1073\" class=\"elementor elementor-1073\">\n\t\t\t\t\t\t<section class=\"elementor-section elementor-top-section elementor-element elementor-element-5db5f2d4 elementor-section-full_width elementor-section-height-default elementor-section-height-default\" data-id=\"5db5f2d4\" data-element_type=\"section\" data-e-type=\"section\">\n\t\t\t\t\t\t<div class=\"elementor-container elementor-column-gap-default\">\n\t\t\t\t\t<div class=\"elementor-column elementor-col-100 elementor-top-column elementor-element elementor-element-27bda50a\" data-id=\"27bda50a\" data-element_type=\"column\" data-e-type=\"column\">\n\t\t\t<div class=\"elementor-widget-wrap elementor-element-populated\">\n\t\t\t\t\t\t<div class=\"elementor-element elementor-element-1a3358cc elementor-widget elementor-widget-heading\" data-id=\"1a3358cc\" data-element_type=\"widget\" data-e-type=\"widget\" data-widget_type=\"heading.default\">\n\t\t\t\t<div class=\"elementor-widget-container\">\n\t\t\t\t\t<h4 class=\"elementor-heading-title elementor-size-default\">Die n-Deklination<\/h4>\t\t\t\t<\/div>\n\t\t\t\t<\/div>\n\t\t\t\t\t<\/div>\n\t\t<\/div>\n\t\t\t\t\t<\/div>\n\t\t<\/section>\n\t\t\t\t<section class=\"elementor-section elementor-top-section elementor-element elementor-element-7b68bd15 elementor-section-boxed elementor-section-height-default elementor-section-height-default\" data-id=\"7b68bd15\" data-element_type=\"section\" data-e-type=\"section\">\n\t\t\t\t\t\t<div class=\"elementor-container elementor-column-gap-default\">\n\t\t\t\t\t<div class=\"elementor-column elementor-col-25 elementor-top-column elementor-element elementor-element-2fa5a51e\" data-id=\"2fa5a51e\" data-element_type=\"column\" data-e-type=\"column\">\n\t\t\t<div class=\"elementor-widget-wrap elementor-element-populated\">\n\t\t\t\t\t\t<div class=\"elementor-element elementor-element-7e32fe8e elementor-widget elementor-widget-nav-menu\" data-id=\"7e32fe8e\" data-element_type=\"widget\" data-e-type=\"widget\" data-widget_type=\"nav-menu.default\">\n\t\t\t\t<div class=\"elementor-widget-container\">\n\t\t\t\t\t \t\t\t\t<\/div>\n\t\t\t\t<\/div>\n\t\t\t\t\t<\/div>\n\t\t<\/div>\n\t\t\t\t<div class=\"elementor-column elementor-col-50 elementor-top-column elementor-element elementor-element-6c6e0832\" data-id=\"6c6e0832\" data-element_type=\"column\" data-e-type=\"column\">\n\t\t\t<div class=\"elementor-widget-wrap elementor-element-populated\">\n\t\t\t\t\t\t<div class=\"elementor-element elementor-element-5094264c elementor-widget elementor-widget-text-editor\" data-id=\"5094264c\" data-element_type=\"widget\" data-e-type=\"widget\" data-widget_type=\"text-editor.default\">\n\t\t\t\t<div class=\"elementor-widget-container\">\n\t\t\t\t\t\t\t\t\t<p>\u00bfSab\u00edas que en la gram\u00e1tica alemana, incluso los sustantivos pueden tener sus propias reglas de declinaci\u00f3n? \u00a1Hoy, te ense\u00f1aremos todo sobre la N-Deklination y c\u00f3mo afecta a los sustantivos masculinos! As\u00ed que, prep\u00e1rate para adentrarte en este emocionante mundo gramatical.<\/p><p>\u00a0<\/p>\t\t\t\t\t\t\t\t<\/div>\n\t\t\t\t<\/div>\n\t\t\t\t<div class=\"elementor-element elementor-element-c105adf elementor-widget elementor-widget-heading\" data-id=\"c105adf\" data-element_type=\"widget\" data-e-type=\"widget\" data-widget_type=\"heading.default\">\n\t\t\t\t<div class=\"elementor-widget-container\">\n\t\t\t\t\t<h4 class=\"elementor-heading-title elementor-size-default\">\u00bfQu\u00e9 es la N-Deklination?<\/h4>\t\t\t\t<\/div>\n\t\t\t\t<\/div>\n\t\t\t\t<div class=\"elementor-element elementor-element-93ca635 elementor-widget elementor-widget-text-editor\" data-id=\"93ca635\" data-element_type=\"widget\" data-e-type=\"widget\" data-widget_type=\"text-editor.default\">\n\t\t\t\t<div class=\"elementor-widget-container\">\n\t\t\t\t\t\t\t\t\t<p>En la gram\u00e1tica alemana, ya sabemos que los acompa\u00f1antes (<a class=\"content\" href=\"https:\/\/alemanexpress.net\/index.php\/artikel\/\">art\u00edculos<\/a>, adjetivos, etc.) se adaptan al <a class=\"content\" href=\"https:\/\/alemanexpress.net\/index.php\/deklination\/\"> caso gramatical<\/a> de los sustantivos. Sin embargo, los sustantivos mismos a veces tambi\u00e9n se declinan. A este fen\u00f3meno se le llama<b> N-Deklination<\/b>, porque a estos <b>sustantivos masculinos <\/b>se les agrega una &#8222;-n&#8220; o &#8222;-en&#8220;.<br \/>Aqu\u00ed hay algunas categor\u00edas de sustantivos que siguen esta regla:<\/p><p><strong>1. Personas masculinas con terminaci\u00f3n -e:<br \/><\/strong>der Junge, der Kollege, der Schwede, der T\u00fcrke, der Kunde, &#8230;\u00a0<\/p><p><strong>2. Animales masculinos con terminaci\u00f3n -e:<br \/><\/strong>der L\u00f6we, der Rabe, der Hase, &#8230;<\/p><p><strong>3. Sustantivos con las terminaciones\u00a0 &#8211; and, -ant, -ent, -at, -ist, &#8211; soph, -it, -ot, -oge:<br \/><\/strong>der Praktik<span style=\"text-decoration-line: underline;\">ant<\/span>, der Stud<span style=\"text-decoration-line: underline;\">ent<\/span>, der Autom<span style=\"text-decoration-line: underline;\">at<\/span>, der Poliz<span style=\"text-decoration-line: underline;\">ist<\/span>, der Philo<span style=\"text-decoration-line: underline;\">soph<\/span>, der Pil<span style=\"text-decoration-line: underline;\">ot<\/span>, der P\u00e4dag<span style=\"text-decoration-line: underline;\">oge<\/span><\/p><p><strong>4. Substantivos abstractos masculinos:<br \/><\/strong>der Friede, der Name, der Buchstabe, der Gedanke (en Genitivo una extra -s)<\/p><p><strong>5. Otros substantivos masculinos:<br \/><\/strong>der B\u00e4r, der Bauer, der F\u00fcrst, der Graf, der Held, der Herr, der Architekt, der Mensch, der Nachbar, der Fotograf, der Prinz, der Ungar<\/p><p><strong>6. La excepci\u00f3n:\u00a0<span style=\"color: #ff0000;\">das Herz<\/span><\/strong><\/p>\t\t\t\t\t\t\t\t<\/div>\n\t\t\t\t<\/div>\n\t\t\t\t<div class=\"elementor-element elementor-element-075779a elementor-widget elementor-widget-heading\" data-id=\"075779a\" data-element_type=\"widget\" data-e-type=\"widget\" data-widget_type=\"heading.default\">\n\t\t\t\t<div class=\"elementor-widget-container\">\n\t\t\t\t\t<h4 class=\"elementor-heading-title elementor-size-default\">La Declinaci\u00f3n<\/h4>\t\t\t\t<\/div>\n\t\t\t\t<\/div>\n\t\t\t\t<div class=\"elementor-element elementor-element-40d05f00 elementor-widget elementor-widget-text-editor\" data-id=\"40d05f00\" data-element_type=\"widget\" data-e-type=\"widget\" data-widget_type=\"text-editor.default\">\n\t\t\t\t<div class=\"elementor-widget-container\">\n\t\t\t\t\t\t\t\t\t<table class=\"table\"><thead><tr><th style=\"text-align: center;\">\u00a0<\/th><th style=\"text-align: center;\">Nominativ<\/th><th style=\"text-align: center;\">Akkusativ<\/th><th style=\"text-align: center;\">Dativ<\/th><th style=\"text-align: center;\">Genitiv<\/th><\/tr><\/thead><tbody><tr><td>1<\/td><td>der Kunde<\/td><td>den Kund<u>en<\/u><\/td><td>dem Kund<u>en<\/u><\/td><td>des Kund<u>en<\/u><\/td><\/tr><tr><td>2<\/td><td>der Rabe<\/td><td>den Rab<u>en<\/u><\/td><td>dem Rab<u>en<\/u><\/td><td>des Rab<u>en<\/u><\/td><\/tr><tr><td>3<\/td><td>der Pilot<\/td><td>den Pilot<u>en<\/u><\/td><td>dem Pilot<u>en<\/u><\/td><td>des Pilot<u>en<\/u><\/td><\/tr><tr><td>4<\/td><td>der Name<\/td><td>den Nam<u>en<\/u><\/td><td>dem Nam<u>en<\/u><\/td><td>des Nam<u>en<strong>s<\/strong><\/u><\/td><\/tr><tr><td>5<\/td><td>der Herr<\/td><td>den Herr<u>en<\/u><\/td><td>dem Herr<u>en<\/u><\/td><td>des Herr<u>en<\/u><\/td><\/tr><tr><td>6<\/td><td>das Herz<\/td><td>das Herz<\/td><td>dem Herz<u>en<\/u><\/td><td>des Herz<u>en<strong>s<\/strong><\/u><\/td><\/tr><\/tbody><\/table>\t\t\t\t\t\t\t\t<\/div>\n\t\t\t\t<\/div>\n\t\t\t\t<div class=\"elementor-element elementor-element-83ec6d5 elementor-widget elementor-widget-heading\" data-id=\"83ec6d5\" data-element_type=\"widget\" data-e-type=\"widget\" data-widget_type=\"heading.default\">\n\t\t\t\t<div class=\"elementor-widget-container\">\n\t\t\t\t\t<h4 class=\"elementor-heading-title elementor-size-default\">Ejemplos<\/h4>\t\t\t\t<\/div>\n\t\t\t\t<\/div>\n\t\t\t\t<div class=\"elementor-element elementor-element-3fb0da56 elementor-position-inline-start elementor-view-default elementor-mobile-position-block-start elementor-widget elementor-widget-icon-box\" data-id=\"3fb0da56\" data-element_type=\"widget\" data-e-type=\"widget\" data-widget_type=\"icon-box.default\">\n\t\t\t\t<div class=\"elementor-widget-container\">\n\t\t\t\t\t\t\t<div class=\"elementor-icon-box-wrapper\">\n\n\t\t\t\t\t\t<div class=\"elementor-icon-box-icon\">\n\t\t\t\t<span  class=\"elementor-icon\">\n\t\t\t\t<i aria-hidden=\"true\" class=\"far fa-comment\"><\/i>\t\t\t\t<\/span>\n\t\t\t<\/div>\n\t\t\t\n\t\t\t\t\t\t<div class=\"elementor-icon-box-content\">\n\n\t\t\t\t\n\t\t\t\t\t\t\t\t\t<p class=\"elementor-icon-box-description\">\n\t\t\t\t\t\tDer Lehrer gibt \ndem Student<strong>en<\/strong> Hausaufgaben auf.\n<br>\nDer Nachbar spielt mit \ndem Jung<strong>en<\/strong>. \n<br>\nDer Junge spielt mit \ndem Nachbar<strong>n<\/strong>.\n<br>\nEr ist krank, er hat etwas mit \ndem Herz<strong>en.<\/strong>\t\t\t\t\t<\/p>\n\t\t\t\t\n\t\t\t<\/div>\n\t\t\t\n\t\t<\/div>\n\t\t\t\t\t\t<\/div>\n\t\t\t\t<\/div>\n\t\t\t\t<div class=\"elementor-element elementor-element-e156099 elementor-widget elementor-widget-text-editor\" data-id=\"e156099\" data-element_type=\"widget\" data-e-type=\"widget\" data-widget_type=\"text-editor.default\">\n\t\t\t\t<div class=\"elementor-widget-container\">\n\t\t\t\t\t\t\t\t\t<p>En resumen, la N-Deklination es una parte importante de la gram\u00e1tica alemana que afecta a los sustantivos masculinos. Aunque tiene sus excepciones, dominar esta regla te ayudar\u00e1 a comunicarte con fluidez en alem\u00e1n. \u00a1As\u00ed que sigue practicando y alcanza la maestr\u00eda gramatical que deseas!<\/p>\t\t\t\t\t\t\t\t<\/div>\n\t\t\t\t<\/div>\n\t\t\t\t\t<\/div>\n\t\t<\/div>\n\t\t\t\t<div class=\"elementor-column elementor-col-25 elementor-top-column elementor-element elementor-element-7c54cb5c\" data-id=\"7c54cb5c\" data-element_type=\"column\" data-e-type=\"column\">\n\t\t\t<div class=\"elementor-widget-wrap\">\n\t\t\t\t\t\t\t<\/div>\n\t\t<\/div>\n\t\t\t\t\t<\/div>\n\t\t<\/section>\n\t\t\t\t<\/div>\n\t\t","protected":false},"excerpt":{"rendered":"<p>Die n-Deklination \u00bfSab\u00edas que en la gram\u00e1tica alemana, incluso los sustantivos pueden tener sus propias reglas de declinaci\u00f3n? \u00a1Hoy, te ense\u00f1aremos todo sobre la N-Deklination y c\u00f3mo afecta a los sustantivos masculinos! As\u00ed que, prep\u00e1rate para adentrarte en este emocionante mundo gramatical. \u00bfQu\u00e9 es la N-Deklination? En la gram\u00e1tica alemana, ya sabemos que los acompa\u00f1antes&hellip;&nbsp;<a href=\"https:\/\/alemanexpress.net\/index.php\/n-deklination\/\" class=\"\" rel=\"bookmark\">Weiterlesen &raquo;<span class=\"screen-reader-text\">La N-Deklination en la Gram\u00e1tica Alemana<\/span><\/a><\/p>\n","protected":false},"author":1,"featured_media":0,"parent":0,"menu_order":0,"comment_status":"closed","ping_status":"closed","template":"","meta":{"neve_meta_sidebar":"","neve_meta_container":"","neve_meta_enable_content_width":"","neve_meta_content_width":0,"neve_meta_title_alignment":"","neve_meta_author_avatar":"","neve_post_elements_order":"","neve_meta_disable_header":"","neve_meta_disable_footer":"","neve_meta_disable_title":"","footnotes":""},"class_list":["post-1073","page","type-page","status-publish","hentry"],"aioseo_notices":[],"_links":{"self":[{"href":"https:\/\/alemanexpress.net\/index.php\/wp-json\/wp\/v2\/pages\/1073","targetHints":{"allow":["GET"]}}],"collection":[{"href":"https:\/\/alemanexpress.net\/index.php\/wp-json\/wp\/v2\/pages"}],"about":[{"href":"https:\/\/alemanexpress.net\/index.php\/wp-json\/wp\/v2\/types\/page"}],"author":[{"embeddable":true,"href":"https:\/\/alemanexpress.net\/index.php\/wp-json\/wp\/v2\/users\/1"}],"replies":[{"embeddable":true,"href":"https:\/\/alemanexpress.net\/index.php\/wp-json\/wp\/v2\/comments?post=1073"}],"version-history":[{"count":11,"href":"https:\/\/alemanexpress.net\/index.php\/wp-json\/wp\/v2\/pages\/1073\/revisions"}],"predecessor-version":[{"id":1393,"href":"https:\/\/alemanexpress.net\/index.php\/wp-json\/wp\/v2\/pages\/1073\/revisions\/1393"}],"wp:attachment":[{"href":"https:\/\/alemanexpress.net\/index.php\/wp-json\/wp\/v2\/media?parent=1073"}],"curies":[{"name":"wp","href":"https:\/\/api.w.org\/{rel}","templated":true}]}}